ivisor of 12 and 9276?
12
What is the highest common factor of 1281 and 7?
7
What is the greatest common factor of 52 and 52?
52
What is the greatest common factor of 6412 and 28?
28
Calculate the highest common divisor of 8830 and 90.
10
Calculate the highest common divisor of 194 and 21437.
97
Calculate the greatest common divisor of 901 and 17.
17
Calculate the highest common divisor of 399 and 627.
57
What is the greatest common divisor of 38 and 7258?
38
Calculate the highest common factor of 40 and 2488.
8
Calculate the highest common factor of 4448 and 32.
32
What is the highest common divisor of 32 and 2032?
16
Calculate the greatest common divisor of 66013 and 263.
263
Calculate the highest common divisor of 21758 and 138.
46
What is the greatest common factor of 611 and 26?
13
Calculate the highest common divisor of 259 and 74.
37
What is the greatest common factor of 63 and 28?
7
Calculate the greatest common factor of 984 and 56.
8
What is the highest common divisor of 65 and 182?
13
What is the greatest common factor of 81 and 15?
3
Calculate the greatest common factor of 76 and 133.
19
What is the greatest common factor of 2555 and 35?
35
Calculate the greatest common factor of 2009 and 196.
49
What is the highest common divisor of 1520 and 784?
16
Calculate the greatest common factor of 256 and 24.
8
Calculate the greatest common divisor of 200 and 128.
8
Calculate the highest common divisor of 1100 and 22.
22
Calculate the highest common divisor of 6 and 2772.
6
What is the greatest common divisor of 602 and 14?
14
What is the highest common divisor of 1327 and 1?
1
What is the highest common divisor of 11074 and 2034?
226
What is the greatest common divisor of 180 and 396?
36
Calculate the highest common factor of 104 and 8.
8
Calculate the highest common divisor of 48 and 12756.
12
Calculate the highest common factor of 38 and 38.
38
What is the highest common factor of 7007 and 143?
143
Calculate the greatest common factor of 7960 and 10.
10
What is the highest common divisor of 2156 and 44?
44
Calculate the highest common factor of 47 and 107207.
47
What is the highest common factor of 3731 and 13?
13
What is the greatest common factor of 3481 and 295?
59
What is the greatest common divisor of 4 and 31?
1
Calculate the highest common divisor of 1644 and 12.
12
Calculate the highest common factor of 306 and 36.
18
What is the highest common factor of 9118 and 194?
194
Calculate the greatest common factor of 48 and 48.
48
What is the greatest common factor of 28 and 6860?
28
What is the greatest common factor of 80 and 50?
10
Calculate the greatest common factor of 1738 and 88.
22
What is the greatest common factor of 220 and 1660?
20
Calculate the highest common factor of 10 and 590.
10
What is the highest common divisor of 8 and 19?
1
What is the greatest common factor of 40 and 3580?
20
Calculate the highest common factor of 11 and 407.
11
What is the highest common divisor of 1944 and 8?
8
Calculate the greatest common factor of 49 and 1.
1
Calculate the highest common factor of 793 and 13.
13
Calculate the greatest common divisor of 121 and 330.
11
What is the greatest common divisor of 3599 and 236?
59
What is the highest common factor of 370 and 10?
10
Calculate the greatest common divisor of 1843 and 19.
19
Calculate the highest common factor of 1305 and 130.
5
What is the greatest common divisor of 68 and 16?
4
Calculate the highest common divisor of 6716 and 23.
23
Calculate the highest common divisor of 127 and 15367.
127
Calculate the highest common divisor of 1179 and 72.
9
What is the greatest common factor of 33 and 33?
33
Calculate the greatest common divisor of 2 and 502.
2
What is the highest common factor of 341 and 22?
11
What is the highest common factor of 136 and 20?
4
Calculate the greatest common divisor of 4044 and 24.
12
What is the highest common divisor of 6226 and 55?
11
What is the highest common factor of 3 and 417?
3
Calculate the highest common factor of 552 and 72.
24
Calculate the highest common divisor of 26 and 2158.
26
What is the greatest common divisor of 767 and 91?
13
Calculate the highest common factor of 36 and 558.
18
What is the highest common divisor of 44 and 7172?
44
What is the greatest common divisor of 550 and 495?
55
Calculate the greatest common divisor of 4 and 4492.
4
What is the greatest common divisor of 247 and 1378?
13
Calculate the greatest common factor of 24 and 132.
12
Calculate the highest common factor of 31958 and 114.
38
Calculate the greatest common divisor of 33397 and 91.
91
What is the greatest common factor of 36 and 378?
18
What is the highest common factor of 15675 and 45?
15
What is the greatest common factor of 345 and 2553?
69
What is the greatest common factor of 117 and 36?
9
Calculate the greatest common divisor of 1340 and 938.
134
Calculate the greatest common factor of 14 and 434.
14
Calculate the highest common factor of 403 and 26.
13
What is the highest common divisor of 1566 and 270?
54
What is the highest common factor of 1692 and 47?
47
What is the greatest common divisor of 252 and 36?
36
What is the highest common divisor of 58 and 34858?
58
What is the greatest common divisor of 2119 and 13?
13
What is the highest common factor of 184 and 40?
8
What is the greatest common divisor of 33 and 11?
11
Calculate the highest common factor of 16 and 16.
16
Calculate the highest common divisor of 20 and 76.
4
What is the greatest common divisor of 567 and 945?
189
Calculate the greatest common factor of 45 and 954.
9
What is the highest common factor of 1092 and 56?
28
What is the highest common factor of 230 and 414?
46
What is the highest common factor of 209 and 38?
19
Calculate the highest common divisor of 52 and 81016.
52
What is the highest common factor of 114 and 513?
57
Calculate the greatest common factor of 26 and 7878.
26
Calculate the greatest common factor of 112 and 80.
16
Calculate the highest common divisor of 11413 and 113.
113
Calculate the highest common factor of 9471 and 1848.
231
What is the highest common divisor of 28 and 644?
28
What is the greatest common factor of 6176 and 32?
32
What is the highest common factor of 77 and 231?
77
Calculate the highest common factor of 205 and 82.
41
Calculate the highest common factor of 190 and 70.
10
Calculate the greatest common factor of 387 and 252.
9
What is the highest common divisor of 33 and 231?
33
Calculate the highest common divisor of 107 and 214.
107
What is the highest common factor of 528 and 144?
48
What is the greatest common factor of 26 and 416?
26
What is the greatest common factor of 520 and 300?
20
What is the greatest common factor of 14 and 2394?
14
What is the highest common factor of 27 and 2727?
27
What is the highest common divisor of 5445 and 275?
55
Calculate the highest common factor of 78 and 2886.
78
Calculate the greatest common factor of 1412 and 4.
4
Calculate the greatest common divisor of 1815 and 66.
33
Calculate the greatest common divisor of 27 and 459.
27
Calculate the greatest common divisor of 85 and 153.
17
Calculate the highest common divisor of 23 and 4393.
23
What is the greatest common divisor of 52 and 364?
52
What is the greatest common divisor of 680 and 85?
85
What is the highest common divisor of 576 and 3072?
192
Calculate the greatest common divisor of 392 and 3626.
98
What is the highest common factor of 139 and 45870?
139
Calculate the highest common divisor of 55 and 539.
11
Calculate the greatest common divisor of 96 and 256.
32
What is the highest common factor of 80 and 1280?
80
Calculate the greatest common divisor of 1125 and 425.
25
Calculate the greatest common factor of 52 and 2132.
52
What is the highest common divisor of 616 and 836?
44
What is the highest common divisor of 2096 and 32?
16
What is the highest common factor of 852 and 48?
12
What is the highest common factor of 1272 and 72?
24
Calculate the greatest common factor of 21 and 148533.
21
Calculate the highest common factor of 5518 and 267.
89
What is the greatest common factor of 84 and 36?
12
Calculate the greatest common divisor of 49 and 315.
7
Calculate the highest common divisor of 20995 and 65.
65
What is the greatest common divisor of 61